{"id":8964,"date":"2025-10-03T12:47:11","date_gmt":"2025-10-03T09:47:11","guid":{"rendered":"https:\/\/metalworkshop.ro\/?page_id=8964"},"modified":"2025-10-06T11:09:26","modified_gmt":"2025-10-06T08:09:26","slug":"despre","status":"publish","type":"page","link":"https:\/\/metalworkshop.ro\/index.php\/despre\/","title":{"rendered":"Despre"},"content":{"rendered":"\t\t<div data-elementor-type=\"wp-page\" data-elementor-id=\"8964\" class=\"elementor elementor-8964\">\n\t\t\t\t\t\t<section class=\"elementor-section elementor-top-section elementor-element elementor-element-3107a6b elementor-section-full_width qodef-elementor-content-grid elementor-section-stretched elementor-section-height-default elementor-section-height-default\" data-id=\"3107a6b\" data-element_type=\"section\" data-settings=\"{&quot;background_background&quot;:&quot;classic&quot;,&quot;stretch_section&quot;:&quot;section-stretched&quot;}\">\n\t\t\t\t\t\t<div class=\"elementor-container elementor-column-gap-no\">\n\t\t\t\t\t<div class=\"elementor-column elementor-col-100 elementor-top-column elementor-element elementor-element-9b44119\" data-id=\"9b44119\" data-element_type=\"column\">\n\t\t\t<div class=\"elementor-widget-wrap elementor-element-populated\">\n\t\t\t\t\t\t<div class=\"elementor-element elementor-element-9cfc4f3 elementor-widget elementor-widget-heading\" data-id=\"9cfc4f3\" data-element_type=\"widget\" data-widget_type=\"heading.default\">\n\t\t\t\t\t<h2 class=\"elementor-heading-title elementor-size-default\">DESPRE METAL WORKSHOP<\/h2>\t\t\t\t<\/div>\n\t\t\t\t\t<\/div>\n\t\t<\/div>\n\t\t\t\t\t<\/div>\n\t\t<\/section>\n\t\t\t\t<section class=\"elementor-section elementor-top-section elementor-element elementor-element-e8f927c elementor-section-full_width elementor-section-stretched elementor-section-height-default elementor-section-height-default qodef-elementor-content-no\" data-id=\"e8f927c\" data-element_type=\"section\" data-settings=\"{&quot;stretch_section&quot;:&quot;section-stretched&quot;}\">\n\t\t\t\t\t\t<div class=\"elementor-container elementor-column-gap-default\">\n\t\t\t\t\t<div class=\"elementor-column elementor-col-50 elementor-top-column elementor-element elementor-element-ea468bb\" data-id=\"ea468bb\" data-element_type=\"column\" data-settings=\"{&quot;background_background&quot;:&quot;classic&quot;}\">\n\t\t\t<div class=\"elementor-widget-wrap elementor-element-populated\">\n\t\t\t\t\t\t<div class=\"elementor-element elementor-element-183428d elementor-widget elementor-widget-manufaktursolutions_core_separator\" data-id=\"183428d\" data-element_type=\"widget\" data-widget_type=\"manufaktursolutions_core_separator.default\">\n\t\t\t\t<div class=\"elementor-widget-container\">\n\t\t\t\t\t<div class=\"qodef-shortcode qodef-m  qodef-separator clear  \">\n\t<div class=\"qodef-m-line\" style=\"border-color: #02010100\"><\/div>\n<\/div>\n\t\t\t\t<\/div>\n\t\t\t\t<\/div>\n\t\t\t\t\t<\/div>\n\t\t<\/div>\n\t\t\t\t<div class=\"elementor-column elementor-col-50 elementor-top-column elementor-element elementor-element-e0c53de\" data-id=\"e0c53de\" data-element_type=\"column\" data-settings=\"{&quot;background_background&quot;:&quot;classic&quot;}\">\n\t\t\t<div class=\"elementor-widget-wrap elementor-element-populated\">\n\t\t\t\t\t\t<div class=\"elementor-element elementor-element-1cfa2f7 elementor-widget elementor-widget-manufaktursolutions_core_section_title\" data-id=\"1cfa2f7\" data-element_type=\"widget\" data-widget_type=\"manufaktursolutions_core_section_title.default\">\n\t\t\t\t<div class=\"elementor-widget-container\">\n\t\t\t\t\t<div class=\"qodef-shortcode qodef-m  qodef-section-title qodef-alignment--left   \">\n\t\t<p class=\"qodef-m-highlight-text\" style=\"color: #C0C0C0\">Construim durabilitate, sustinem performanta<\/p>\n\t\t<h6 class=\"qodef-m-title\" style=\"color: #006BF4\">\n\t\t\t\t\tMetal Workshop\t\t\t<\/h6>\n\t\t\t<p class=\"qodef-m-text\" style=\"color: #C0C0C0\">La Metal Workshop oferim solutii complete pentru industrie \u2013 de la prelucrari mecanice si executia de piese, p\u00e2na la reparatii si \u00eentretinerea utilajelor grele. Venim \u00een sprijinul clientilor nostri cu profesionalism, tehnologie moderna si o echipa specializata, astfel \u00eenc\u00e2t fiecare proiect sa fie finalizat la cele mai \u00eenalte standarde. Pentru noi, calitatea si promptitudinea nu sunt optionale, ci parte din modul nostru de lucru.<\/p>\n<\/div>\n\t\t\t\t<\/div>\n\t\t\t\t<\/div>\n\t\t\t\t\t<\/div>\n\t\t<\/div>\n\t\t\t\t\t<\/div>\n\t\t<\/section>\n\t\t\t\t<section class=\"elementor-section elementor-top-section elementor-element elementor-element-b57b391 elementor-section-full_width qodef-elementor-content-grid elementor-section-stretched elementor-section-height-default elementor-section-height-default\" data-id=\"b57b391\" data-element_type=\"section\" data-settings=\"{&quot;background_background&quot;:&quot;classic&quot;,&quot;stretch_section&quot;:&quot;section-stretched&quot;}\">\n\t\t\t\t\t\t<div class=\"elementor-container elementor-column-gap-default\">\n\t\t\t\t\t<div class=\"elementor-column elementor-col-50 elementor-top-column elementor-element elementor-element-f9e91ea\" data-id=\"f9e91ea\" data-element_type=\"column\">\n\t\t\t<div class=\"elementor-widget-wrap elementor-element-populated\">\n\t\t\t\t\t\t<div class=\"elementor-element elementor-element-b4222b7 elementor-widget elementor-widget-manufaktursolutions_core_section_title\" data-id=\"b4222b7\" data-element_type=\"widget\" data-widget_type=\"manufaktursolutions_core_section_title.default\">\n\t\t\t\t<div class=\"elementor-widget-container\">\n\t\t\t\t\t<div class=\"qodef-shortcode qodef-m  qodef-section-title qodef-alignment--left   \">\n\t\t<p class=\"qodef-m-highlight-text\" style=\"color: #C0C0C0;margin-bottom: 18px\">Solutii complete pentru industrie<\/p>\n\t\t<h6 class=\"qodef-m-title\" style=\"color: #006BF4\">\n\t\t\t\t\tATELIER<br \/> DE PRELUCRARI MECANICE\t\t\t<\/h6>\n\t\t<\/div>\n\t\t\t\t<\/div>\n\t\t\t\t<\/div>\n\t\t\t\t<div class=\"elementor-element elementor-element-d23d7ba elementor-widget elementor-widget-manufaktursolutions_core_button\" data-id=\"d23d7ba\" data-element_type=\"widget\" data-widget_type=\"manufaktursolutions_core_button.default\">\n\t\t\t\t<div class=\"elementor-widget-container\">\n\t\t\t\t\t<a class=\"qodef-shortcode qodef-m  qodef-button qodef-layout--outlined qodef-size--small qodef-html--link\" href=\"https:\/\/metalworkshop.ro\/index.php\/servicii\/\" target=\"_self\" data-hover-color=\"#006BF4\" style=\"color: #C0C0C0\">\n\t<span class=\"qodef-m-text\"> Vezi servicii<\/span>\n    <span class=\"qodef-m-button-arrow-holder\" >\n        <svg class=\"qodef-svg--button-arrow\" xmlns=\"http:\/\/www.w3.org\/2000\/svg\" width=\"17.65\" height=\"13.1\"\n     viewBox=\"0 0 17.65 13.1\"><path d=\"m11.75 13.1-1.275-1.275L14.1 8.2l.85-.575-.1-.3-1.025.125H0V5.625h13.825l1.025.15.1-.3-.85-.575-3.625-3.625L11.75 0l5.9 5.9v1.3Z\"\/><path d=\"m11.75 13.1-1.275-1.275L14.1 8.2l.85-.575-.1-.3-1.025.125H0V5.625h13.825l1.025.15.1-.3-.85-.575-3.625-3.625L11.75 0l5.9 5.9v1.3Z\"\/><\/svg>    <\/span>\n<\/a>\t\t\t\t<\/div>\n\t\t\t\t<\/div>\n\t\t\t\t<div class=\"elementor-element elementor-element-7edede9 elementor-hidden-mobile elementor-widget elementor-widget-text-editor\" data-id=\"7edede9\" data-element_type=\"widget\" data-widget_type=\"text-editor.default\">\n\t\t\t\t\t\t\t\t\t<p>TELECRIS NET SRL<br \/>CUI : RO30452385<br \/>CAEN : 6110<\/p><p>Registrul Comertului:<\/p><p>J36\/338\/2012<\/p><p>Adresa Sediu: Str. Republicii, nr.87, camera nr.1, Babadag, Tulcea<\/p><div class=\"elementor-element elementor-element-83f5469 elementor-widget__width-inherit elementor-widget elementor-widget-text-editor\" data-id=\"83f5469\" data-element_type=\"widget\" data-widget_type=\"text-editor.default\"><p><span style=\"color: #c0c0c0;\">Adresa emai:<\/span><span style=\"color: #3366ff;\">\u00a0<a style=\"color: #3366ff;\" href=\"https:\/\/metalworkshop.ro\/index.php\/contact\/office@metalworkshop.ro\">office@metalworkshop.ro<\/a><\/span><\/p><\/div><div class=\"elementor-element elementor-element-5aa7350 elementor-widget elementor-widget-text-editor\" data-id=\"5aa7350\" data-element_type=\"widget\" data-widget_type=\"text-editor.default\"><p><span style=\"color: #c0c0c0;\">Telefon:<\/span> <a href=\"tel:0765333015\"><span style=\"color: #c0c0c0;\"><span style=\"color: #3366ff;\">0765\/333015<\/span><\/span><\/a><\/p><\/div>\t\t\t\t\t\t\t\t<\/div>\n\t\t\t\t\t<\/div>\n\t\t<\/div>\n\t\t\t\t<div class=\"elementor-column elementor-col-50 elementor-top-column elementor-element elementor-element-6367f7d\" data-id=\"6367f7d\" data-element_type=\"column\">\n\t\t\t<div class=\"elementor-widget-wrap elementor-element-populated\">\n\t\t\t\t\t\t<section class=\"elementor-section elementor-inner-section elementor-element elementor-element-7940712 elementor-section-full_width elementor-section-height-default elementor-section-height-default qodef-elementor-content-no\" data-id=\"7940712\" data-element_type=\"section\">\n\t\t\t\t\t\t<div class=\"elementor-container elementor-column-gap-default\">\n\t\t\t\t\t<div class=\"elementor-column elementor-col-100 elementor-inner-column elementor-element elementor-element-0b27206\" data-id=\"0b27206\" data-element_type=\"column\">\n\t\t\t<div class=\"elementor-widget-wrap elementor-element-populated\">\n\t\t\t\t\t\t<div class=\"elementor-element elementor-element-05fd68a elementor-widget elementor-widget-manufaktursolutions_core_section_title\" data-id=\"05fd68a\" data-element_type=\"widget\" data-widget_type=\"manufaktursolutions_core_section_title.default\">\n\t\t\t\t<div class=\"elementor-widget-container\">\n\t\t\t\t\t<div class=\"qodef-shortcode qodef-m  qodef-section-title qodef-alignment--left   \">\n\t\t\t<h5 class=\"qodef-m-title\" style=\"color: #006BF4\">\n\t\t\t\t\tMetal WORKSHOP\t\t\t<\/h5>\n\t\t\t<p class=\"qodef-m-text\" style=\"margin-top: 10px;color: #C0C0C0\">Atelier de Prelucrari Mecanice va ofera solutii tehnice pentru a obtine produse finite la o calitate superioara.<\/p>\n<\/div>\n\t\t\t\t<\/div>\n\t\t\t\t<\/div>\n\t\t\t\t<div class=\"elementor-element elementor-element-d60c580 elementor-widget elementor-widget-manufaktursolutions_core_button\" data-id=\"d60c580\" data-element_type=\"widget\" data-widget_type=\"manufaktursolutions_core_button.default\">\n\t\t\t\t<div class=\"elementor-widget-container\">\n\t\t\t\t\t<a class=\"qodef-shortcode qodef-m  qodef-button qodef-layout--textual  qodef-html--link\" href=\"https:\/\/metalworkshop.ro\/index.php\/servicii\/\" target=\"_self\" data-hover-color=\"#006BF4\" style=\"color: #C0C0C0\">\n\t<span class=\"qodef-m-text\">Vezi mai mult<\/span>\n    <span class=\"qodef-m-button-arrow-holder\">\n\t\t<svg class=\"qodef-svg--button-arrow\" xmlns=\"http:\/\/www.w3.org\/2000\/svg\" width=\"17.65\" height=\"13.1\"\n     viewBox=\"0 0 17.65 13.1\"><path d=\"m11.75 13.1-1.275-1.275L14.1 8.2l.85-.575-.1-.3-1.025.125H0V5.625h13.825l1.025.15.1-.3-.85-.575-3.625-3.625L11.75 0l5.9 5.9v1.3Z\"\/><path d=\"m11.75 13.1-1.275-1.275L14.1 8.2l.85-.575-.1-.3-1.025.125H0V5.625h13.825l1.025.15.1-.3-.85-.575-3.625-3.625L11.75 0l5.9 5.9v1.3Z\"\/><\/svg>\t<\/span>\n<\/a>\n\t\t\t\t<\/div>\n\t\t\t\t<\/div>\n\t\t\t\t\t<\/div>\n\t\t<\/div>\n\t\t\t\t\t<\/div>\n\t\t<\/section>\n\t\t\t\t<section class=\"elementor-section elementor-inner-section elementor-element elementor-element-69322a1 elementor-section-full_width elementor-section-height-default elementor-section-height-default qodef-elementor-content-no\" data-id=\"69322a1\" data-element_type=\"section\">\n\t\t\t\t\t\t<div class=\"elementor-container elementor-column-gap-default\">\n\t\t\t\t\t<div class=\"elementor-column elementor-col-100 elementor-inner-column elementor-element elementor-element-98eaae2\" data-id=\"98eaae2\" data-element_type=\"column\">\n\t\t\t<div class=\"elementor-widget-wrap elementor-element-populated\">\n\t\t\t\t\t\t<div class=\"elementor-element elementor-element-452817f elementor-widget elementor-widget-manufaktursolutions_core_section_title\" data-id=\"452817f\" data-element_type=\"widget\" data-widget_type=\"manufaktursolutions_core_section_title.default\">\n\t\t\t\t<div class=\"elementor-widget-container\">\n\t\t\t\t\t<div class=\"qodef-shortcode qodef-m  qodef-section-title qodef-alignment--left   \">\n\t\t\t<h5 class=\"qodef-m-title\" style=\"color: #006BF4\">\n\t\t\t\t\t4 ani de experienta, un<br \/> singur obiectiv: PERFORMANTA\t\t\t<\/h5>\n\t\t<\/div>\n\t\t\t\t<\/div>\n\t\t\t\t<\/div>\n\t\t\t\t<div class=\"elementor-element elementor-element-325e48e elementor-widget elementor-widget-text-editor\" data-id=\"325e48e\" data-element_type=\"widget\" data-widget_type=\"text-editor.default\">\n\t\t\t\t\t\t\t\t\t<p>Societatea noastra dispune de dotarea necesara, dar si de personal calificat, in scopul obtinerii produselor si pentru a oferi servicii la o calitate inalta.<\/p>\t\t\t\t\t\t\t\t<\/div>\n\t\t\t\t<div class=\"elementor-element elementor-element-12f78d0 elementor-widget elementor-widget-manufaktursolutions_core_button\" data-id=\"12f78d0\" data-element_type=\"widget\" data-widget_type=\"manufaktursolutions_core_button.default\">\n\t\t\t\t<div class=\"elementor-widget-container\">\n\t\t\t\t\t<a class=\"qodef-shortcode qodef-m  qodef-button qodef-layout--textual  qodef-html--link\" href=\"https:\/\/metalworkshop.ro\/index.php\/servicii\/\" target=\"_self\" data-hover-color=\"#006BF4\" style=\"color: #C0C0C0\">\n\t<span class=\"qodef-m-text\">Vezi mai mult<\/span>\n    <span class=\"qodef-m-button-arrow-holder\">\n\t\t<svg class=\"qodef-svg--button-arrow\" xmlns=\"http:\/\/www.w3.org\/2000\/svg\" width=\"17.65\" height=\"13.1\"\n     viewBox=\"0 0 17.65 13.1\"><path d=\"m11.75 13.1-1.275-1.275L14.1 8.2l.85-.575-.1-.3-1.025.125H0V5.625h13.825l1.025.15.1-.3-.85-.575-3.625-3.625L11.75 0l5.9 5.9v1.3Z\"\/><path d=\"m11.75 13.1-1.275-1.275L14.1 8.2l.85-.575-.1-.3-1.025.125H0V5.625h13.825l1.025.15.1-.3-.85-.575-3.625-3.625L11.75 0l5.9 5.9v1.3Z\"\/><\/svg>\t<\/span>\n<\/a>\n\t\t\t\t<\/div>\n\t\t\t\t<\/div>\n\t\t\t\t\t<\/div>\n\t\t<\/div>\n\t\t\t\t\t<\/div>\n\t\t<\/section>\n\t\t\t\t<section class=\"elementor-section elementor-inner-section elementor-element elementor-element-d62af31 elementor-section-full_width elementor-section-height-default elementor-section-height-default qodef-elementor-content-no\" data-id=\"d62af31\" data-element_type=\"section\">\n\t\t\t\t\t\t<div class=\"elementor-container elementor-column-gap-default\">\n\t\t\t\t\t<div class=\"elementor-column elementor-col-100 elementor-inner-column elementor-element elementor-element-48a7527\" data-id=\"48a7527\" data-element_type=\"column\">\n\t\t\t<div class=\"elementor-widget-wrap elementor-element-populated\">\n\t\t\t\t\t\t<div class=\"elementor-element elementor-element-6212b99 elementor-widget elementor-widget-manufaktursolutions_core_section_title\" data-id=\"6212b99\" data-element_type=\"widget\" data-widget_type=\"manufaktursolutions_core_section_title.default\">\n\t\t\t\t<div class=\"elementor-widget-container\">\n\t\t\t\t\t<div class=\"qodef-shortcode qodef-m  qodef-section-title qodef-alignment--left   \">\n\t\t\t<h5 class=\"qodef-m-title\" style=\"color: #006BF4\">\n\t\t\t\t\tSolutii tehnice pentru tine\t\t\t<\/h5>\n\t\t\t<p class=\"qodef-m-text\" style=\"margin-top: 10px;color: #C1C1C1\">Putem realiza atat prototipuri cat si produse in serie, dar si reparatii si reconditionari ale produselor finite.<\/p>\n<\/div>\n\t\t\t\t<\/div>\n\t\t\t\t<\/div>\n\t\t\t\t<div class=\"elementor-element elementor-element-57edfac elementor-widget elementor-widget-manufaktursolutions_core_button\" data-id=\"57edfac\" data-element_type=\"widget\" data-widget_type=\"manufaktursolutions_core_button.default\">\n\t\t\t\t<div class=\"elementor-widget-container\">\n\t\t\t\t\t<a class=\"qodef-shortcode qodef-m  qodef-button qodef-layout--textual  qodef-html--link\" href=\"https:\/\/metalworkshop.ro\/index.php\/servicii\/\" target=\"_self\" data-hover-color=\"#006BF4\" style=\"color: #C0C0C0\">\n\t<span class=\"qodef-m-text\">Vezi mai mult<\/span>\n    <span class=\"qodef-m-button-arrow-holder\">\n\t\t<svg class=\"qodef-svg--button-arrow\" xmlns=\"http:\/\/www.w3.org\/2000\/svg\" width=\"17.65\" height=\"13.1\"\n     viewBox=\"0 0 17.65 13.1\"><path d=\"m11.75 13.1-1.275-1.275L14.1 8.2l.85-.575-.1-.3-1.025.125H0V5.625h13.825l1.025.15.1-.3-.85-.575-3.625-3.625L11.75 0l5.9 5.9v1.3Z\"\/><path d=\"m11.75 13.1-1.275-1.275L14.1 8.2l.85-.575-.1-.3-1.025.125H0V5.625h13.825l1.025.15.1-.3-.85-.575-3.625-3.625L11.75 0l5.9 5.9v1.3Z\"\/><\/svg>\t<\/span>\n<\/a>\n\t\t\t\t<\/div>\n\t\t\t\t<\/div>\n\t\t\t\t<div class=\"elementor-element elementor-element-535c73a elementor-hidden-desktop elementor-hidden-tablet elementor-widget elementor-widget-text-editor\" data-id=\"535c73a\" data-element_type=\"widget\" data-widget_type=\"text-editor.default\">\n\t\t\t\t\t\t\t\t\t<p>TELECRIS NET SRL<br \/>CUI : RO30452385<br \/>CAEN :<\/p><p>Registrul Comertului:<\/p><p>J36\/338\/2012<\/p><p>Adresa Sediu: Str. Republicii, nr.87, camera nr.1, Babadag, Tulcea<\/p><div class=\"elementor-element elementor-element-83f5469 elementor-widget__width-inherit elementor-widget elementor-widget-text-editor\" data-id=\"83f5469\" data-element_type=\"widget\" data-widget_type=\"text-editor.default\"><p><span style=\"color: #c0c0c0;\">Adresa emai:<\/span><span style=\"color: #3366ff;\">\u00a0<a style=\"color: #3366ff;\" href=\"https:\/\/metalworkshop.ro\/index.php\/contact\/office@metalworkshop.ro\">office@metalworkshop.ro<\/a><\/span><\/p><\/div><div class=\"elementor-element elementor-element-5aa7350 elementor-widget elementor-widget-text-editor\" data-id=\"5aa7350\" data-element_type=\"widget\" data-widget_type=\"text-editor.default\"><p><span style=\"color: #c0c0c0;\">Telefon:<\/span> <a href=\"tel:0765333015\"><span style=\"color: #c0c0c0;\"><span style=\"color: #3366ff;\">0765\/333015<\/span><\/span><\/a><\/p><\/div>\t\t\t\t\t\t\t\t<\/div>\n\t\t\t\t\t<\/div>\n\t\t<\/div>\n\t\t\t\t\t<\/div>\n\t\t<\/section>\n\t\t\t\t\t<\/div>\n\t\t<\/div>\n\t\t\t\t\t<\/div>\n\t\t<\/section>\n\t\t\t\t<\/div>\n\t\t","protected":false},"excerpt":{"rendered":"<p>DESPRE METAL WORKSHOP Construim durabilitate, sustinem performanta Metal Workshop La Metal Workshop oferim solutii complete pentru industrie \u2013 de la prelucrari mecanice si executia de piese, p\u00e2na la reparatii si \u00eentretinerea utilajelor grele. Venim \u00een sprijinul clientilor nostri cu profesionalism, tehnologie moderna si o echipa specializata, astfel \u00eenc\u00e2t fiecare proiect sa fie finalizat la cele [&hellip;]<\/p>\n","protected":false},"author":1,"featured_media":0,"parent":0,"menu_order":0,"comment_status":"closed","ping_status":"closed","template":"qi-blocks-full-width.php","meta":{"footnotes":""},"class_list":["post-8964","page","type-page","status-publish","hentry"],"_links":{"self":[{"href":"https:\/\/metalworkshop.ro\/index.php\/wp-json\/wp\/v2\/pages\/8964","targetHints":{"allow":["GET"]}}],"collection":[{"href":"https:\/\/metalworkshop.ro\/index.php\/wp-json\/wp\/v2\/pages"}],"about":[{"href":"https:\/\/metalworkshop.ro\/index.php\/wp-json\/wp\/v2\/types\/page"}],"author":[{"embeddable":true,"href":"https:\/\/metalworkshop.ro\/index.php\/wp-json\/wp\/v2\/users\/1"}],"replies":[{"embeddable":true,"href":"https:\/\/metalworkshop.ro\/index.php\/wp-json\/wp\/v2\/comments?post=8964"}],"version-history":[{"count":19,"href":"https:\/\/metalworkshop.ro\/index.php\/wp-json\/wp\/v2\/pages\/8964\/revisions"}],"predecessor-version":[{"id":8991,"href":"https:\/\/metalworkshop.ro\/index.php\/wp-json\/wp\/v2\/pages\/8964\/revisions\/8991"}],"wp:attachment":[{"href":"https:\/\/metalworkshop.ro\/index.php\/wp-json\/wp\/v2\/media?parent=8964"}],"curies":[{"name":"wp","href":"https:\/\/api.w.org\/{rel}","templated":true}]}}